3*s - 3. Is k(g) a composite number?
False
Let g = 2415 + -1369. Suppose 157 = 3*d - 1088. Let t = g - d. Is t a prime number?
True
Suppose -2*l + 7*l - 40 = -4*y, 10 = -2*y. Suppose 2*m - l = -4*m. Is m/(-8) + (-15720)/(-32) a composite number?
False
Let q(w) = -5*w**3 + 4*w**2 + 2*w - 11. Let v be q(9). Is v*10*(-4)/16 a composite number?
True
Let m be (-60 - 8)*(-468)/(-16). Let p be (-2)/6 - 26067/(-9). Let d = p + m. Is d composite?
False
Suppose -28 = -2*p - 38, -4*a + 2197149 = -5*p. Is a composite?
False
Let k(g) = 6*g**3 - 2*g - 7. Let s be (-1 - -1) + 7 - (-124)/(-62). Is k(s) composite?
False
Let i = 259 - 244. Suppose -20*a + 26135 = -i*a. Is a composite?
False
Let a(o) = -4*o + 87. Let r be a(21). Suppose -r*i + 693 = -4164. Is i a composite number?
False
Let o(w) = w**2 + w. Let y(m) = 3*m**2 + 3*m - 25. Let s(f) = -2*o(f) + y(f). Let q be s(-6). Suppose q*i - 1541 = -3*k + k, -1225 = -4*i + k. Is i prime?
True
Let g = 8246 + 6874. Suppose -t - 4*t = 3*r - 18894, 4*t = -4*r + g. Is t prime?
False
Let l = -6568 - -10617. Is l a prime number?
True
Let t = -14 + 39. Suppose 7 = -3*x + 4*h - 9*h, -5*x - t = 5*h. Is ((-174)/x)/(2/111) a prime number?
False
Let x = 881 + 478. Suppose -5 = -2*z + 3, -4*k - 5*z + 8484 = 0. Let m = k - x. Is m a prime number?
True
Suppose -3*o + 2780 = -8176. Let a = o + -549. Is a prime?
False
Is (-3)/(-5)*(-2838840)/(-72) prime?
False
Let l be (1 - 11/9) + (-27841)/(-99). Let o = 579 - l. Let g = o + -176. Is g a prime number?
False
Suppose 3*i = -2*x + 1, 19 = i - 4*x - 0. Let u be (-30111)/(-4) + i/12. Suppose 3*h - u + 1159 = 2*y, -4*y - 8492 = -4*h. Is h a composite number?
True
Let o(f) be the first derivative of f**4/2 + 5*f**3 - 5*f**2 - 8*f - 41. Is o(-7) a composite number?
True
Suppose 2*b + 4*a = 959542, 701277 = 2*b - 5*a - 258247. Is b a prime number?
False
Let q be (-10056)/(-16)*(-4)/(-6). Suppose q + 37 = -8*o. Is (-2651)/(-7) + 3 + o/21 a prime number?
True
Suppose 2*p = 570 + 690. Suppose 4*j - j + 2*x - p = 0, 2*x + 6 = 0. Let f = 95 + j. Is f a composite number?
False
Suppose -10*m - 9156 = 75304. Let q = -5099 - m. Is q composite?
False
Let c = -721 + 1313. Let v = 84 - c. Let n = 731 + v. Is n composite?
False
Suppose -10*c = 26*c - 8918604. Is c composite?
False
Suppose j = 3*k - 53694 + 193301, k = -4*j + 558454. Is j a composite number?
True
Let x be (-306)/(-10) + 9/(-15). Suppose -4*d + x = 2*d. Suppose c - 3*h - 962 = -2*h, -d*c = -2*h - 4825. Is c a prime number?
True
Let v(u) = 2*u**2 - 9*u - 3. Let h(p) = p**2 - 4*p. Let y be h(5). Suppose 0 = g + 2*g - c - 14, -2*g = -5*c - y. Is v(g) a prime number?
True
Let f(d) = -331*d + 2319. Let l be f(7). Let b be (8/(-6))/((-1)/3). Suppose n + 1665 = l*w, b*w - 1285 = 5*n + 2030. Is w composite?
True
Let z(g) = 108*g - 21. Let k be z(5). Let v = k - -973. Let f = v - -409. Is f a prime number?
True
Let w be 8/(-6)*21/(-28) + -2. Is w/(-6)*-2 - (-3248)/6 prime?
True
Let p be (-603 + 18)/(2*(-3)/192). Suppose -2*r + 18705 = 5*w, -5*w - r + p = 4*r. Is w composite?
False
Let b(u) = -u**2 + 4*u + 8272. Let f be b(0). Suppose 11242 = 22*q - f. Is q prime?
True
Let i be 41/(-82) + (14/4 - -2). Suppose b + 2693 = -5*t + 9*t, 5*b + i = 0. Is t prime?
True
Let c = -7750 + 77516. Is c a prime number?
False
Suppose 0 = -4*q - 12 + 84. Suppose -9*i + 7*i = -q. Suppose 0 = -4*b + i*b - 9445. Is b a composite number?
False
Let g be -1*(-3 + (-74952)/(-4)) - 3. Let w = 37543 + g. Is w a prime number?
False
Let j = 87 + -82. Suppose j*i = -2*y + 10915, 3*i - 112*y + 115*y - 6549 = 0. Is i a composite number?
True
Is ((-1199514)/33)/((-64)/352) composite?
True
Suppose 96*x - 3*y - 118521 = 93*x, -4*y - 8 = 0. Is x prime?
False
Suppose -8*b - 24 = -10*b. Suppose m + 9 = b. Is (-1 + m + -1)*487 a prime number?
True
Let k be (-4)/12 + 565/(-15) + -2. Let c be ((-6)/8)/(15/k). Is (c/(-13) + (-474612)/(-52))*1 a prime number?
True
Let b be 51/51*(0 - -5). Suppose -v + 314 = 5*p - 9917, -51075 = -5*v - b*p. Is v a prime number?
True
Let q = 9485 - 5244. Is q a prime number?
True
Let r(d) = -4478*d - 9. Suppose -7 + 28 = -7*a. Let j be r(a). Suppose -13*v - j = -39490. Is v a composite number?
True
Suppose 0 = 5*u - 15 - 10. Let d be 346/u + 56/70. Suppose d + 40 = 5*g. Is g a composite number?
True
Let u(m) = 1277*m**3 - 5*m + 6. Let p be u(1). Let n = -871 + p. Is n a composite number?
True
Is (-5567085)/(-35) - (4/7 + 0) a prime number?
True
Let o(l) be the first derivative of 13*l**4/2 - 5*l**3/6 + 8*l**2 + 1. Let s(r) be the second derivative of o(r). Is s(2) prime?
True
Let x(d) = 46*d + 313. Let l be x(-55). Let h = 684 - l. Is h a composite number?
True
Let o(n) = -41*n**3 + n**2 - 4*n - 41. Let j(i) = 41*i**3 + i**2 + 5*i + 40. Let a(v) = 2*j(v) + 3*o(v). Is a(-6) composite?
True
Suppose 26*n - 378 = 5*n. Suppose n*y - 6 = 3792. Is y a prime number?
True
Suppose -1262047 - 2211415 = -122*d. Is d a prime number?
False
Let j = 20988 + -7849. Is j a prime number?
False
Let v be 2/1 - (26 + -32). Suppose 2212 + 2116 = v*m. Is m a prime number?
True
Is (-5144244)/(-15) + 3 + (-126)/35 composite?
False
Suppose 5 = -0*s + 2*s - m, 18 = 3*s - 5*m. Suppose -2*n = -h + s, 0 = n + 4. Is (-1)/((h/8218)/((-2)/(-4))) a composite number?
False
Let i(w) = -w**2 - 21*w - 27. Let r be i(-19). Suppose n = -2*h + 11, -h + 2*n + 4 = r. Suppose -3*f = -2*u - 2097, -6*f - u + 2106 = -h*f. Is f a prime number?
True
Let y(f) = -f**2 + 2*f - 2. Let q(a) = -29*a**2 + 3*a + 58. Let v(n) = -q(n) - y(n). Is v(-5) composite?
False
Let q(x) = 339*x**3 + 8*x**2 - 2*x - 32. Is q(5) a prime number?
True
Let u(x) = -x - 1. Let r(o) = -27*o - 4. Let h(p) = -r(p) + 2*u(p). Let c be h(12). Let j = c - 209. Is j a composite number?
True
Let k = 36189 + -24560. Let v = -6848 + k. Is v a composite number?
True
Let d(b) = -2*b**2 - 7*b + 14. Let q be d(-7). Let u = q - -39. Suppose -3*w = -4*v + 679 + 82, u*v = 5*w + 759. Is v prime?
True
Suppose 3999024 + 6725049 = 53*t. Is t a composite number?
True
Suppose -x + 2*u + 34331 = -3*u, 3*x = -4*u + 103031. Is x composite?
True
Suppose 29 = -7*j + 43. Suppose 3*y + y = a + 1777, -j*a = -3*y + 1329. Is y composite?
True
Let s = 94552 - 66941. Is s composite?
False
Let a(x) = -37*x**3 - 8*x**2 - 8*x + 35. Let c be 4/(-14) - (-80)/(-14). Is a(c) prime?
False
Suppose 48*x - 830080 - 1491728 = 0. Is x prime?
True
Let u(g) = 44571*g**2 - 93*g + 181. Is u(2) a composite number?
True
Let h(x) = -1264*x + 1. Suppose 6*u + 32 = 14. Is h(u) prime?
True
Let p be (80/(-3))/((-54)/9153). Suppose -216 - 1583 = -2*b + 3*m, p = 5*b - 3*m. Is b composite?
False
Suppose -45*x + 3120964 = -9*x + 8*x. Is x a composite number?
True
Let i(z) = -z**3 - 83*z**2 + 649*z - 262. Is i(-127) composite?
True
Suppose 2*u + 3*c = 32 - 13, c = 5*u - 5. Let s(q) = -10*q + 23. Let o be s(u). Suppose 0 = -2*p + 4*x + 1098, 1679 = o*p - 0*p + 2*x. Is p composite?
False
Suppose 60*h - 9463875 = 3521385. Is h composite?
False
Let y(h) = 122*h**2 + 4*h + 13. Suppose 0 = -7*t + 18 - 4. Let d be (-13)/4 - t/(-8). Is y(d) a prime number?
False
Let d(a) = -a**2 - 17*a - 11. Let f be d(-16). Suppose f*u + 3531 = -2*r, r - u = -0*r - 1769. Is ((-1)/2)/(4/r) prime?
False
Suppose 8*y + 3*y - 748 = 0. Suppose -82*l + y*l = -8134. Is l composite?
True
Suppose 14*v - 1741361 = -5*v + 2*v. Is v prime?
True
Let w(b) = 4023*b**2 + 6*b - 39. Let s be w(6). Suppose 5*a = 5*t - s, -7*a = 4*t - 3*a - 115876. Is t prime?
False
Suppose -2*l = -5*l + 6. Suppose w + 17 = 3*x + l*x, x - 10 = -2*w. Suppose 2*n - 619 = -d, -d = -x*d - n + 1882. Is d composite?
True
Let d(p) be the first derivative of 2*p**2 - 4/3*p**3 + 3*p + 3/2*p**4 + 26. Is d(5) a prime number?
True
Let a(n) be the third derivative of 17*n**6/120 - n**5/30 - n**4/24 + 3*n**3/2 - 14*n**2 + 8*n. Let b be (-150)/(-40) + 1/4. Is a(b) composite?
False
Let l = -1810 + 4203. Is l composite?
False
Suppose 3108 = 11*y - 4218. Let f = y - 407. Is f a composite number?
True
Suppose 0 = -3*g + 3*c + 12 + 12, 4*c - 16 = 0. Suppose -g*q + 81468 - 15456 = 0. Is q a composite number?
False
Let v(h) = -862769*h**3 + 81*h**2 + 85*h + 4. Is v(-1) composite?
False
Let g(m) be the first derivative of -4 - 4/3*m**3 + m**2 + 7*m + 17/4*m**4. Is g(4) a p